 0 = -3*f + f + 32. Let a(l) = l**3 - 7*l**2 + 8*l - 8. Let q be a(6). What is the units digit of q - 6 - f/(-2)?
6
Let d(t) = -t + 4. Let q be d(-8). Let o = q + -16. What is the units digit of 2 - (-12)/o - -3?
2
Suppose -w + 21 = -2*w. Let a = -15 - w. What is the units digit of a?
6
Let a(c) = -2*c**3 + c**2 - c + 6. Let d be a(-3). Let n = -50 + d. What is the tens digit of n?
2
Suppose -s + 497 = 2*n, 0 = n - 6*s + 8*s - 253. What is the units digit of n?
7
Let x(p) = -p**3 + 4*p**2 - p - 4. Let w be x(-2). Let s = 114 - w. What is the units digit of s?
2
Suppose 5*u - 2*h = 595, 3*u - 4*u + 2*h = -127. Suppose -3*v + 72 = -3*q, 0*q = 4*v + 3*q - u. What is the units digit of v?
7
Let z(i) = i**2 - 10*i - 6. Let l be z(11). Let y(j) = -j**2 + j + 7. Let p be y(l). Let m = p + 23. What is the tens digit of m?
1
Suppose 5*s - 3*r + 6 = 0, -s + 5*r - 8 = r. Suppose s = 4*a - 489 - 183. What is the hundreds digit of a?
1
Let u = -664 + 1248. What is the hundreds digit of u?
5
Let o(f) = -8*f - 14. Let x be o(-10). Suppose x = 2*p - 42. What is the units digit of p?
4
Let j be (3 - (-40)/(-15))/(1/(-6)). What is the tens digit of 1 - (-31)/(j*(-4)/48)?
8
Let s be ((-2)/5)/(4/(-20)). Suppose 5*u + 5*x = 45, 3*u - 15 = 3*x - s*x. Let j(g) = -g**3 + 8*g**2 - 8*g - 6. What is the tens digit of j(u)?
1
Let d = -2948 - -4715. What is the hundreds digit of d?
7
Let w(d) = -9*d**2 + 84*d + 2. What is the tens digit of w(9)?
2
Let n(m) = -13*m - 2. Let f(g) = -12*g - 1. Let x(y) = 6*f(y) - 5*n(y). Let u be x(2). What is the tens digit of (-5 - -10)/((-1)/u)?
5
Suppose 5*s - 3*k - 3788 = 0, 4*s - s - 2260 = 5*k. What is the tens digit of s?
6
Let a be 138/(-9)*-1*3. Suppose -b + 1 = 0, 13*b - 10*b + 1 = -4*f. Let w = a + f. What is the tens digit of w?
4
Let a = 27 + -20. Let c(h) = 2*h**2 - h + 28. What is the units digit of c(a)?
9
What is the hundreds digit of 3863/4 - (-4)/(-16)*-1?
9
Let o(d) = 2*d**2 - d + 17. What is the tens digit of o(-7)?
2
What is the tens digit of -1*(1 + 0 + 1) - -710?
0
Let z be (-3 + -73)*(-9 - -1*1). Suppose 6*j = z + 280. What is the units digit of j?
8
Let s be (-2)/8 + 174/24. Suppose -c + 4*c = -2*x + 475, -c = -5*x - 164. Suppose 4*j - c = -s. What is the tens digit of j?
3
Suppose 6*v = -259 + 385. What is the units digit of v?
1
Let b(n) = 115*n + 655. What is the hundreds digit of b(20)?
9
Suppose -4*g = -s + 10, 3*s - g - 10 = g. Suppose -68 = -s*y - 20. What is the units digit of y?
4
Let u(o) = o**3 + 7*o**2 - 2*o + 2. Let x be u(-7). Let i(t) = -t**3 + 15*t**2 + 21*t - 19. What is the units digit of i(x)?
1
Let y be -2 - 6/(-2 - 1). Suppose 5*a + 155 = -5*c, -c - 3*a = -y*c + 31. Let s = c + 57. What is the tens digit of s?
2
Suppose -4*j + 18 = -10. What is the tens digit of ((-3 - -28) + 4)*(j + 0)?
0
Suppose -92*r + 5330 = -66*r. What is the units digit of r?
5
Let p(g) = -g**3 + 5*g**2 + 14*g - 10. Let h = -116 + 111. What is the tens digit of p(h)?
7
Let a = -247 - -529. Suppose -5*p + 2*p = -a. What is the units digit of p?
4
Let q = 101 + -98. Suppose q*z - 39 - 309 = 0. What is the hundreds digit of z?
1
Let q = 4609 - 2266. What is the units digit of q?
3
Suppose 1577 = 5*o - 2478. What is the tens digit of o?
1
What is the units digit of 0 - -81 - (5 + -17 + 7)?
6
Let t = -411 + 216. Let w be (-4)/(-18) - 87504/108. What is the units digit of w/t + 4/(-26)?
4
Suppose 2*w - 4 = 4. Suppose v + 5 = i - 0*i, v = -w*i + 20. Suppose 0 = -v*d + d - 36. What is the units digit of d?
6
Let r(p) = p**3 - 10*p**2 + 9*p + 2. Let f be r(9). Let y be 15*((-88)/(-6) + f). Suppose y = 3*t + 100. What is the tens digit of t?
5
What is the tens digit of (3/5)/(28/4060)?
8
Suppose 123 = 5*c - 172. Suppose 3*k + 15 = 8*k. Suppose -k*w - 6*h + h = -c, -h = 2. What is the units digit of w?
3
Let z be 2/8 + (-3)/12. Let q(a) = -2 + 7*a - 3 + z + a**2 + 4. What is the units digit of q(-8)?
7
Let a(d) = 2*d**2 - 5*d - 23. What is the units digit of a(8)?
5
What is the hundreds digit of (-16)/(-10)*(90162/36 - 17)?
9
Let w = -253 - -3061. What is the units digit of w?
8
Let n be 214/8 - (-4)/16. Let d = n + -22. What is the units digit of d?
5
Let p = 4 - 0. Suppose -4*d + 3*d - 2*n + 35 = 0, 103 = 3*d + p*n. Let l = d - 19. What is the tens digit of l?
1
Suppose -6*z - 2*g - 4000 = -11*z, -2*z = -2*g - 1606. What is the tens digit of z?
9
Let t = 13 + -14. Let a(k) = k**2. Let r be a(t). Suppose 0 = -4*u + 39 + r. What is the units digit of u?
0
Let c be (-20)/(-6)*9 - -1. Let f = c - 18. Let b = -11 + f. What is the units digit of b?
2
Let w be (0 - 1)*(2 - 3). Let y(b) = -3*b**3 + b**2 - 4*b + 2. Let k be y(w). Let f = 3 - k. What is the units digit of f?
7
Let j(h) = -h**3 - 6*h**2 - 1. Let u be j(-6). Let k be u/(4/(-80)*2). What is the units digit of (k/(-25))/(2/(-110))?
2
Let a be (-1)/1*10/(-5). Suppose 4*l - 19 = -5*d, -a*d + 14 = 2*d + 2*l. What is the units digit of (-1 - -7)*d/2?
9
Let y(t) = -4*t + 7. Let d be y(-4). Suppose 2*k + 20 + 0 = 4*f, 2*k = 5*f - d. Suppose r - f*r + 18 = 0. What is the units digit of r?
9
Let w = -62 + 67. Suppose 152 = w*y + q - 273, q = 2*y - 177. What is the units digit of y?
6
Suppose -12556 = -4*h + 6260. What is the hundreds digit of h?
7
Suppose 2*h - 28 = -0*h. Let f be (-37)/(-2) - 21/h. Let n = 56 - f. What is the tens digit of n?
3
Let w = 1835 - -2913. What is the hundreds digit of w?
7
Suppose -2*m - 4*k - 54 = 22, -4*k + 104 = -4*m. Let f = m + 55. What is the tens digit of f?
2
Let o = 4540 + -1725. What is the hundreds digit of o?
8
Suppose 10*p = 7*p + 1242. What is the units digit of p?
4
Suppose -3*w + 0*w - 372 = -x, -4*w + 1955 = 5*x. What is the units digit of x?
7
Suppose 4*b - 725 = 5*r, 3*r - 859 = -5*b + 38. What is the hundreds digit of b?
1
Suppose 0 = 4*b + g - 8, 0*g - g + 1 = -3*b. Suppose -b = -n - 11. What is the tens digit of 34*(n/4)/(-5)?
1
Let d(t) = -t**3 - 4*t**2 - 3*t - 3. What is the units digit of d(-9)?
9
Let c(y) = y**3 + 2*y**2 + 3*y - 10. Let t(d) = -d + 1. Let g(b) = -c(b) - 3*t(b). What is the units digit of g(-5)?
2
Suppose n = -c + 290, 34*c + 5*n + 878 = 37*c. What is the hundreds digit of c?
2
Let s be (2/(-4))/((-1)/(-26)). Let k be (2 + (-6)/2)*(-11 - -23). Let f = k - s. What is the units digit of f?
1
Suppose 3*b = -5*v - 280 + 885, -3*v = 2*b - 403. Suppose f - b = -3*a, -3*a + 188 = -0*a + 4*f. What is the tens digit of a?
6
Suppose k - 3*o = 12, 0*k + 3*k + 2*o - 14 = 0. Suppose 11*h - k*h - 245 = 0. What is the units digit of h?
9
Let d(m) be the second derivative of m**5/20 + 5*m**4/6 + 11*m**3/6 + m**2/2 - 8*m. Let j = 7 + -15. What is the units digit of d(j)?
1
Let r = 1983 + -1253. What is the units digit of r?
0
Let c be (-1 - -6) + -11 + 9. Suppose x + s = c*s + 74, -s = 2. What is the units digit of x?
0
Suppose -w + 2*w = 0. Suppose w = 2*x - 0*x - 52. Suppose 2*z = 4*z - x. What is the tens digit of z?
1
Suppose m + m - 3*v - 3082 = 0, 5*v = m - 1527. What is the units digit of m?
7
Let w = 122 + -120. Suppose 2*a = 5*p - 14 - 65, 0 = -p - w*a + 23. What is the tens digit of p?
1
Suppose -15 = -q - 20, 3*p = 2*q - 122. Let r = 18 + -32. Let n = r - p. What is the tens digit of n?
3
Suppose v - 187 = -4*h, 11*v - 16*v + 2*h = -1045. What is the units digit of v?
7
Suppose -3*m + 4*b + 3 = 129, -4*b = 0. Suppose 2*r + 60 = -2*g + 12, -5*g + 132 = -4*r. Let d = r - m. What is the units digit of d?
4
Let d(k) be the third derivative of -k**4/24 + 2*k**3 + 6*k**2. Let a be d(7). Suppose 0 = -a*r + y - 2*y + 234, 2*y = -r + 54. What is the tens digit of r?
4
Suppose 34*r - 3*t - 1919 = 32*r, -25 = 5*t. What is the units digit of r?
2
Suppose 18*t - 10 = 17*t. Suppose 5*x - 2 = -d + t, 23 = 4*d - 5*x. What is the units digit of d?
7
Let t(i) = -i**3 + 7*i**2 + 3*i - 6. Let m(l) = l**2 + l - 9. Let y be m(0). Let w = 16 + y. What is the tens digit of t(w)?
1
Suppose 3*f + 11*z - 7*z - 8205 = 0, 5*f - 5*z - 13640 = 0. What is the units digit of f?
1
Suppose -19 = -c - 5*k, -5*c + 6 = k - 113. What is the units digit of 59/2 + 12/c?
0
Let d(o) = 45*o**2 + 4*o - 26. What is the thousands digit of d(5)?
1
Suppose 13*u = 77 + 3563. What is the tens digit of u?
8
Let b = 15 - 17. What is the units digit of 98/4 - b/(-4)?
4
